{"id":97,"date":"2025-12-04T18:42:10","date_gmt":"2025-12-04T18:42:10","guid":{"rendered":"https:\/\/www.word.occipotes.fr\/?page_id=97"},"modified":"2025-12-17T17:57:17","modified_gmt":"2025-12-17T17:57:17","slug":"infos-pratiques","status":"publish","type":"page","link":"https:\/\/www.occipotes.fr\/index.php\/infos-pratiques\/","title":{"rendered":"INFOS PRATIQUES"},"content":{"rendered":"\n<h2 class=\"wp-block-heading has-text-align-center\">DESCRIPTIF :<\/h2>\n\n\n\n<p class=\"has-text-align-center has-text-color has-link-color wp-elements-9362877d5565a2cc41c3904e81c0e54f\" style=\"color:#47b8bc\"><br>Venez vivre un week-end convivial au c\u0153ur du village !<\/p>\n\n\n\n<p class=\"has-text-align-center has-text-color has-link-color wp-elements-2dd5214ed179f16d3a580b705a6ce425\" style=\"color:#47b8bc\"> Le vendredi soir, le festival s\u2019ouvre avec un march\u00e9 nocturne anim\u00e9 rassemblant artisans cr\u00e9ateurs, commer\u00e7ants et producteurs locaux. L\u2019acc\u00e8s est libre et gratuit, et vous pourrez profiter de stands gourmands pour manger sur place.<\/p>\n\n\n\n<p class=\"has-text-align-center has-text-color has-link-color wp-elements-32011e176a84930107ac75fb54726396\" style=\"color:#47b8bc\">Le samedi, place au village associatif avec animations pour tous, ainsi qu\u2019un concours de boules dans une ambiance d\u00e9tendue et familiale.<\/p>\n\n\n\n<p class=\"has-text-align-center has-text-color has-link-color wp-elements-bd61902200a355a5c91ad8f466d4eb69\" style=\"color:#47b8bc\">\u00c0 partir de 18h, la soir\u00e9e se poursuit avec un concert \u00e0 guichet ferm\u00e9 : une sc\u00e8ne ouverte pour d\u00e9marrer, suivie de deux groupes professionnels.<\/p>\n\n\n\n<p class=\"has-text-align-center has-text-color has-link-color wp-elements-957ee5ecab8f29a61485a138d59895fb\" style=\"color:#47b8bc\">Un rendez-vous chaleureux et familial, \u00e0 partager sans mod\u00e9ration, pour inaugurer cette<br>premi\u00e8re \u00e9dition !<\/p>\n\n\n\n<div class=\"wp-block-columns is-layout-flex wp-container-core-columns-is-layout-28f84493 wp-block-columns-is-layout-flex\">\n<div class=\"wp-block-column is-layout-flow wp-block-column-is-layout-flow\">\n<div id=\"wp-block-themeisle-blocks-flip-4e2bd301\" class=\"wp-block-themeisle-blocks-flip anim flipY has-light-front-bg has-light-back-bg\"><div class=\"o-flip-inner\"><div class=\"o-flip-front\"><div class=\"o-flip-content\"><h3>\ud83d\udcc5 Dates &amp; horaires<\/h3><p> <\/p><\/div><\/div><div class=\"o-flip-back\">\n<p>\u25cf Dates du festival : Vendredi 12 et Samedi 13 Juin<br><\/p>\n\n\n\n<p>\u25cf Horaires d\u2019ouverture : Vendredi 19h \/ 00h<br>Samedi \u00c0 partir de 10h<\/p>\n\n\n\n<p>\u25cf Horaires des concerts \/ spectacles : 18h \/ 00h le Samedi<\/p>\n<\/div><\/div><\/div>\n<\/div>\n\n\n\n<div class=\"wp-block-column is-layout-flow wp-block-column-is-layout-flow\">\n<div id=\"wp-block-themeisle-blocks-flip-ad1da213\" class=\"wp-block-themeisle-blocks-flip anim flipY has-light-front-bg has-light-back-bg\"><div class=\"o-flip-inner\"><div class=\"o-flip-front\"><div class=\"o-flip-content\"><h3>\ud83d\udccd Lieu &amp; acc\u00e8s<\/h3><p> <\/p><\/div><\/div><div class=\"o-flip-back\">\n<p>\u25cf Adresse du site : La grande place, 31600 St Clar de Rivi\u00e8re<br>\u25cf Plan du festival : A venir <br>\u25cf Acc\u00e8s en voiture :<a href=\"http:\/\/43.46600468866568, 1.2115679276955458\"> <\/a><a href=\"https:\/\/maps.app.goo.gl\/yU2bmNnhTS2ahQZZ6\">Ici<\/a><br>\u25cf Stationnement \/ parkings : A venir <\/p>\n<\/div><\/div><\/div>\n<\/div>\n\n\n\n<div class=\"wp-block-column is-layout-flow wp-block-column-is-layout-flow\">\n<div id=\"wp-block-themeisle-blocks-flip-ffc1b983\" class=\"wp-block-themeisle-blocks-flip anim flipY has-light-front-bg has-light-back-bg\"><div class=\"o-flip-inner\"><div class=\"o-flip-front\"><div class=\"o-flip-content\"><h3>\u267f Acc\u00e8s PMR (personnes \u00e0 mobilit\u00e9 r\u00e9duite)<\/h3><p> <\/p><\/div><\/div><div class=\"o-flip-back\">\n<p class=\"has-text-align-left\">Le festival est accessible aux personnes \u00e0 mobilit\u00e9 r\u00e9duite.<br>Les chemins et zones principales sont adapt\u00e9s pour faciliter vos d\u00e9placements.<br>Des sanitaires adapt\u00e9s sont disponibles sur le site.<br>Si vous avez besoin d\u2019assistance, notre \u00e9quipe est l\u00e0 pour vous aider \u00e0 tout moment.<br>Merci de pr\u00e9venir \u00e0 l\u2019avance si vous venez avec des \u00e9quipements sp\u00e9ciaux fauteuil roulant, accompagnant, etc.) pour que nous puissions vous accueillir dans les meilleures conditions.<\/p>\n<\/div><\/div><\/div>\n<\/div>\n<\/div>\n\n\n\n<div class=\"wp-block-columns is-layout-flex wp-container-core-columns-is-layout-28f84493 wp-block-columns-is-layout-flex\">\n<div class=\"wp-block-column is-layout-flow wp-block-column-is-layout-flow\">\n<div id=\"wp-block-themeisle-blocks-flip-6d436031\" class=\"wp-block-themeisle-blocks-flip anim flipY\"><div class=\"o-flip-inner\"><div class=\"o-flip-front\"><div class=\"o-flip-content\"><h3>\ud83c\udfab Billetterie<br><\/h3><p> <\/p><\/div><\/div><div class=\"o-flip-back\">\n<p><br>\u25cf Tarifs :<br>\u25cf Points de vente :<br>\u25cf Conditions d\u2019entr\u00e9e : (contr\u00f4le, badges, bracelets)<br>\u25cf Politique enfants :<br>\u25cf Politique animaux :<\/p>\n\n\n\n<div class=\"wp-block-buttons is-content-justification-center is-layout-flex wp-container-core-buttons-is-layout-a89b3969 wp-block-buttons-is-layout-flex\">\n<div class=\"wp-block-button\"><a class=\"wp-block-button__link has-text-align-center wp-element-button\">Billeterie<\/a><\/div>\n<\/div>\n<\/div><\/div><\/div>\n<\/div>\n\n\n\n<div class=\"wp-block-column is-layout-flow wp-block-column-is-layout-flow\">\n<div id=\"wp-block-themeisle-blocks-flip-a0251da6\" class=\"wp-block-themeisle-blocks-flip anim flipY\"><div class=\"o-flip-inner\"><div class=\"o-flip-front\"><div class=\"o-flip-content\"><h3>\ud83e\udd64 Restauration &amp; bars<\/h3><p> <\/p><\/div><\/div><div class=\"o-flip-back\">\n<p class=\"has-text-align-left\">\u25cf Types de restauration disponibles :<br>Vendredi : March\u00e9 gourmand et ses producteurs locaux!<br>Samedi : Food Trucks divers et vari\u00e9s<br>\u25cf Options v\u00e9g\u00e9tariennes \/ v\u00e9gan \/ sans gluten : Selon Foodtrucks pr\u00e9sents<br>\u25cf Bars &amp; boissons : Les Buvettes seront tenues par le comit\u00e9 des f\u00eates. On accepte la Carte bancaire.<\/p>\n<\/div><\/div><\/div>\n<\/div>\n\n\n\n<div class=\"wp-block-column is-layout-flow wp-block-column-is-layout-flow\">\n<div id=\"wp-block-themeisle-blocks-flip-959f97a5\" class=\"wp-block-themeisle-blocks-flip anim flipY\"><div class=\"o-flip-inner\"><div class=\"o-flip-front\"><div class=\"o-flip-content\"><h3>\ud83d\udd12 S\u00e9curit\u00e9 &amp; r\u00e8glement<\/h3><p> <\/p><\/div><\/div><div class=\"o-flip-back\">\n<p class=\"has-text-align-left\">\u25cf Objets interdits : \ud83d\udeab<br>\u274c Armes et objets tranchants<br>\u274c Alcools et boissons de l\u2019ext\u00e9rieur<br>\u274c Glaci\u00e8res rigides<br>\u274c Sacs volumineux ou valises<br>\u274c A\u00e9rosols, p\u00e9tards, feux d\u2019artifice<br>\u274c Animaux (sauf chiens guides)<br>\u274c Drones<br>\u274c Objets en verre<\/p>\n<\/div><\/div><\/div>\n<\/div>\n<\/div>\n\n\n\n<div class=\"wp-block-columns is-layout-flex wp-container-core-columns-is-layout-28f84493 wp-block-columns-is-layout-flex\">\n<div class=\"wp-block-column is-layout-flow wp-block-column-is-layout-flow\">\n<div id=\"wp-block-themeisle-blocks-flip-b47292ac\" class=\"wp-block-themeisle-blocks-flip anim flipY\"><div class=\"o-flip-inner\"><div class=\"o-flip-front\"><div class=\"o-flip-content\"><h3>\ud83c\udf77 Politique alcool :<\/h3><p> <\/p><\/div><\/div><div class=\"o-flip-back\">\n<p class=\"has-text-align-left\">L\u2019acc\u00e8s au festival est autoris\u00e9 \u00e0 tous, mais la consommation d\u2019alcool est<br>strictement r\u00e9serv\u00e9e aux personnes majeures.<br>Les boissons alcoolis\u00e9es vendues sur place respectent les r\u00e9glementations en<br>vigueur et seront contr\u00f4l\u00e9es \u00e0 chaque point de vente.<br>Il est interdit d\u2019apporter ses propres boissons alcoolis\u00e9es.<br>Nous encourageons une consommation responsable et des alternatives sans alcool sont propos\u00e9es.<br>Les comportements dangereux ou agressifs li\u00e9s \u00e0 l\u2019alcool seront imm\u00e9diatement<br>sanctionn\u00e9s, pouvant entra\u00eener l\u2019exclusion du festival.<\/p>\n<\/div><\/div><\/div>\n<\/div>\n\n\n\n<div class=\"wp-block-column is-layout-flow wp-block-column-is-layout-flow\">\n<div id=\"wp-block-themeisle-blocks-flip-6abc8caf\" class=\"wp-block-themeisle-blocks-flip anim flipY\"><div class=\"o-flip-inner\"><div class=\"o-flip-front\"><div class=\"o-flip-content\"><h3>\ud83d\udd12 Dispositif de s\u00e9curit\u00e9 :<\/h3><p> <\/p><\/div><\/div><div class=\"o-flip-back\">\n<p class=\"has-text-align-left\">Pour que tout le monde passe un super moment en toute tranquillit\u00e9, des \u00e9quipes de<br>s\u00e9curit\u00e9 sont pr\u00e9sentes sur tout le site. \u00c0 l\u2019entr\u00e9e, un contr\u00f4le des sacs est effectu\u00e9 pour la s\u00e9curit\u00e9 de tous. <\/p>\n\n\n\n<p class=\"has-text-align-left\">Signalez toute situation \u00e9trange aux \u00e9quipes, elles sont l\u00e0 pour vous aider.<\/p>\n\n\n\n<p class=\"has-text-align-left\"><br>Le festival est accessible aux personnes \u00e0 mobilit\u00e9 r\u00e9duite, avec une s\u00e9curit\u00e9 adapt\u00e9e.<br>Des consignes claires sont pr\u00e9vues en cas d\u2019urgence, pour que tout se passe bien.<\/p>\n<\/div><\/div><\/div>\n<\/div>\n<\/div>\n\n\n\n<div class=\"wp-block-columns is-layout-flex wp-container-core-columns-is-layout-28f84493 wp-block-columns-is-layout-flex\">\n<div class=\"wp-block-column is-layout-flow wp-block-column-is-layout-flow\">\n<div id=\"wp-block-themeisle-blocks-flip-36081d96\" class=\"wp-block-themeisle-blocks-flip anim flipY\"><div class=\"o-flip-inner\"><div class=\"o-flip-front\"><div class=\"o-flip-content\"><h3>\u2600\ufe0f Conditions m\u00e9t\u00e9o \/ recommandations :<\/h3><p> <\/p><\/div><\/div><div class=\"o-flip-back\">\n<p class=\"has-text-align-center\">Que le soleil brille ou que quelques gouttes tombent, vous \u00eates pr\u00eats !<br><strong>Soleil<\/strong> : chapeaux, lunettes, cr\u00e8me solaire et v\u00eatements l\u00e9gers.<br><strong>Pluie<\/strong> : poncho ou veste imperm\u00e9able, chaussures adapt\u00e9es.<br>Chaussures confortables pour profiter de tout le site sans soucis.<br>Pr\u00e9parez-vous selon la m\u00e9t\u00e9o et venez profiter pleinement du festival, en toute tranquillit\u00e9 !<\/p>\n<\/div><\/div><\/div>\n<\/div>\n\n\n\n<div class=\"wp-block-column is-layout-flow wp-block-column-is-layout-flow\">\n<div id=\"wp-block-themeisle-blocks-flip-8aaed296\" class=\"wp-block-themeisle-blocks-flip anim flipY\"><div class=\"o-flip-inner\"><div class=\"o-flip-front\"><div class=\"o-flip-content\"><h3>\ud83d\udebb Services sur place<\/h3><p> <\/p><\/div><\/div><div class=\"o-flip-back\">\n<p>\u25cf Sanitaires :\u2705<br>\u25cf Consignes \/ casiers : \u274c<br>\u25cf Espace premiers secours : \u2705<br>\u25cf Point info \/ objets trouv\u00e9s : \u2705<\/p>\n<\/div><\/div><\/div>\n<\/div>\n\n\n\n<div class=\"wp-block-column is-layout-flow wp-block-column-is-layout-flow\">\n<div id=\"wp-block-themeisle-blocks-flip-dcbc8fec\" class=\"wp-block-themeisle-blocks-flip anim flipY\"><div class=\"o-flip-inner\"><div class=\"o-flip-front\"><div class=\"o-flip-content\"><h3>\u267b\ufe0f Environnement<\/h3><p> <\/p><\/div><\/div><div class=\"o-flip-back\">\n<p class=\"has-text-align-center\"> Plan d\u00e9chets et tri :<br>Le festival est engag\u00e9 pour l\u2019environnement et propose un tri s\u00e9lectif sur tout le site.<br>Des poubelles clairement identifi\u00e9es sont \u00e0 disposition pour :<\/p>\n\n\n\n<p><\/p>\n\n\n\n<p><\/p>\n\n\n\n<p><\/p>\n\n\n\n<p><\/p>\n\n\n\n<p class=\"has-text-align-left\">\u25cf Plan d\u00e9chets et tri : Le festival est engag\u00e9 pour l\u2019environnement et propose un tri s\u00e9lectif sur tout le site.<\/p>\n\n\n\n<p class=\"has-text-align-left\">Des poubelles clairement identifi\u00e9es sont \u00e0 disposition pour :<\/p>\n\n\n\n<p class=\"has-text-align-left\">Verre<br>Plastique et canettes<br>Papier et carton<br>Ordures m\u00e9nag\u00e8res<\/p>\n\n\n\n<p class=\"has-text-align-left\">\u25cf Actions \u00e9coresponsables :<br>Le festival met en place des consignes pour les gobelets ou verres, pour r\u00e9duire les d\u00e9chets.<br>Des b\u00e9n\u00e9voles ou signal\u00e9tiques sont pr\u00e9sents pour guider les festivaliers et r\u00e9pondre aux questions sur le tri.<\/p>\n\n\n\n<p class=\"has-text-align-left\">\u25cf Recommandations pour les festivaliers : Utilisez les gobelets r\u00e9utilisables fournis par le festival. <br>Ne laissez aucun d\u00e9chet derri\u00e8re vous pour garder le site propre et agr\u00e9able pour tous.<\/p>\n<\/div><\/div><\/div>\n<\/div>\n<\/div>\n\n\n\n<p><\/p>\n","protected":false},"excerpt":{"rendered":"<p>DESCRIPTIF : Venez vivre un week-end convivial au c\u0153ur du village ! Le vendredi soir, le festival s\u2019ouvre avec un march\u00e9 nocturne anim\u00e9 rassemblant artisans cr\u00e9ateurs, commer\u00e7ants et producteurs locaux. L\u2019acc\u00e8s est libre et gratuit, et vous pourrez profiter de stands gourmands pour manger sur place. Le samedi, place au village associatif avec animations pour [&hellip;]<\/p>\n","protected":false},"author":3,"featured_media":0,"parent":0,"menu_order":0,"comment_status":"closed","ping_status":"closed","template":"","meta":{"_themeisle_gutenberg_block_has_review":false,"footnotes":""},"class_list":["post-97","page","type-page","status-publish"],"_links":{"self":[{"href":"https:\/\/www.occipotes.fr\/index.php\/wp-json\/wp\/v2\/pages\/97","targetHints":{"allow":["GET"]}}],"collection":[{"href":"https:\/\/www.occipotes.fr\/index.php\/wp-json\/wp\/v2\/pages"}],"about":[{"href":"https:\/\/www.occipotes.fr\/index.php\/wp-json\/wp\/v2\/types\/page"}],"author":[{"embeddable":true,"href":"https:\/\/www.occipotes.fr\/index.php\/wp-json\/wp\/v2\/users\/3"}],"replies":[{"embeddable":true,"href":"https:\/\/www.occipotes.fr\/index.php\/wp-json\/wp\/v2\/comments?post=97"}],"version-history":[{"count":16,"href":"https:\/\/www.occipotes.fr\/index.php\/wp-json\/wp\/v2\/pages\/97\/revisions"}],"predecessor-version":[{"id":434,"href":"https:\/\/www.occipotes.fr\/index.php\/wp-json\/wp\/v2\/pages\/97\/revisions\/434"}],"wp:attachment":[{"href":"https:\/\/www.occipotes.fr\/index.php\/wp-json\/wp\/v2\/media?parent=97"}],"curies":[{"name":"wp","href":"https:\/\/api.w.org\/{rel}","templated":true}]}}